{"id":2183,"date":"2017-11-29T20:11:32","date_gmt":"2017-11-29T22:11:32","guid":{"rendered":"http:\/\/www.samcomunicacaovisual.com.br\/site\/?page_id=2183"},"modified":"2022-09-20T16:39:54","modified_gmt":"2022-09-20T19:39:54","slug":"equipe","status":"publish","type":"page","link":"https:\/\/samcomunicacaovisual.com.br\/site\/equipe\/","title":{"rendered":"Equipe"},"content":{"rendered":"<div class=\"wpb-content-wrapper\"><div class=\"vc_row wpb_row vc_row-fluid\"><div class=\"wpb_column vc_column_container vc_col-sm-12\"><div class=\"vc_column-inner vc_custom_1663702770794\"><div class=\"wpb_wrapper\">\n\t<div class=\"wpb_text_column wpb_content_element\" >\n\t\t<div class=\"wpb_wrapper\">\n\t\t\t<p><span style=\"font-size: 14pt;\">Possu\u00edmos uma equipe que trabalha unida e em constante qualifica\u00e7\u00e3o para garantir os melhores servi\u00e7os, entregando qualidade e satisfa\u00e7\u00e3o visando sempre uma intera\u00e7\u00e3o saud\u00e1vel e troca de valores entre empresa e clientes.<\/span><\/p>\n\n\t\t<\/div>\n\t<\/div>\n<\/div><\/div><\/div><\/div>\n<\/div>","protected":false},"excerpt":{"rendered":"Possu\u00edmos uma equipe que trabalha unida e em constante qualifica\u00e7\u00e3o para garantir os melhores servi\u00e7os, entregando qualidade e satisfa\u00e7\u00e3o visando sempre uma intera\u00e7\u00e3o saud\u00e1vel e troca de valores entre empresa e clientes.","protected":false},"author":2,"featured_media":0,"parent":0,"menu_order":0,"comment_status":"closed","ping_status":"closed","template":"","meta":{"footnotes":""},"class_list":["post-2183","page","type-page","status-publish","hentry"],"_links":{"self":[{"href":"https:\/\/samcomunicacaovisual.com.br\/site\/wp-json\/wp\/v2\/pages\/2183","targetHints":{"allow":["GET"]}}],"collection":[{"href":"https:\/\/samcomunicacaovisual.com.br\/site\/wp-json\/wp\/v2\/pages"}],"about":[{"href":"https:\/\/samcomunicacaovisual.com.br\/site\/wp-json\/wp\/v2\/types\/page"}],"author":[{"embeddable":true,"href":"https:\/\/samcomunicacaovisual.com.br\/site\/wp-json\/wp\/v2\/users\/2"}],"replies":[{"embeddable":true,"href":"https:\/\/samcomunicacaovisual.com.br\/site\/wp-json\/wp\/v2\/comments?post=2183"}],"version-history":[{"count":2,"href":"https:\/\/samcomunicacaovisual.com.br\/site\/wp-json\/wp\/v2\/pages\/2183\/revisions"}],"predecessor-version":[{"id":3989,"href":"https:\/\/samcomunicacaovisual.com.br\/site\/wp-json\/wp\/v2\/pages\/2183\/revisions\/3989"}],"wp:attachment":[{"href":"https:\/\/samcomunicacaovisual.com.br\/site\/wp-json\/wp\/v2\/media?parent=2183"}],"curies":[{"name":"wp","href":"https:\/\/api.w.org\/{rel}","templated":true}]}}